atest common divisor of 1373 and 9.
1
Calculate the greatest common factor of 121745 and 158795.
65
Calculate the greatest common divisor of 7810622 and 22.
2
What is the highest common factor of 26 and 985439?
13
Calculate the greatest common divisor of 1043 and 1976488129.
1043
Calculate the highest common factor of 15378 and 3399.
33
Calculate the greatest common divisor of 22159066 and 1286.
1286
Calculate the greatest common factor of 32159814 and 3939.
303
What is the greatest common factor of 7370 and 31094030?
7370
Calculate the highest common divisor of 113926016 and 101608.
7816
Calculate the highest common divisor of 106848 and 754992.
1008
What is the greatest common factor of 510434106 and 117?
39
What is the greatest common factor of 32470 and 496400?
170
Calculate the greatest common factor of 221 and 48252763.
13
What is the highest common factor of 840 and 18535590?
30
Calculate the highest common factor of 8042107 and 4388.
1097
What is the greatest common factor of 25123648 and 682?
22
Calculate the highest common factor of 5122964 and 462.
154
What is the highest common factor of 840205 and 17927?
197
Calculate the highest common divisor of 31151430 and 6210.
2070
What is the greatest common factor of 6348817 and 159?
53
Calculate the highest common divisor of 19232 and 334757.
601
What is the greatest common factor of 409248 and 92916?
1044
What is the greatest common divisor of 137870 and 221?
17
What is the greatest common factor of 46 and 44994854?
46
Calculate the highest common divisor of 1439480 and 6984.
776
What is the highest common divisor of 18502203 and 87?
87
What is the highest common factor of 59 and 141110831?
59
Calculate the greatest common divisor of 1015888 and 128.
16
What is the greatest common factor of 57873 and 5109441?
573
Calculate the greatest common factor of 170375 and 33041.
47
Calculate the greatest common divisor of 341 and 2592158.
31
What is the greatest common factor of 75300 and 12675?
75
What is the highest common divisor of 1666 and 2262526?
98
What is the highest common factor of 18 and 156100782?
6
What is the greatest common divisor of 4 and 1518377?
1
What is the highest common divisor of 118920 and 198040?
40
What is the highest common divisor of 40 and 24740260?
20
What is the greatest common factor of 35370972 and 58926?
2562
Calculate the greatest common divisor of 3294 and 56242.
122
Calculate the highest common divisor of 141 and 468354201.
141
What is the greatest common factor of 304072 and 11542?
398
Calculate the greatest common factor of 1916528 and 688.
16
What is the greatest common factor of 897645 and 5631135?
1245
Calculate the highest common divisor of 108 and 1476084.
12
Calculate the highest common factor of 765018884 and 11144.
5572
Calculate the greatest common factor of 199793 and 499257.
451
Calculate the highest common factor of 204624 and 11424.
336
What is the greatest common factor of 141102 and 164418?
402
Calculate the greatest common divisor of 3458147 and 86912.
679
Calculate the highest common divisor of 148 and 82181107.
37
Calculate the highest common factor of 72494864 and 103168.
6448
Calculate the greatest common divisor of 968760 and 44875944.
14904
Calculate the greatest common divisor of 3552 and 1751587104.
3552
What is the highest common divisor of 201162687 and 18491?
451
What is the greatest common factor of 8067240 and 14670?
90
What is the highest common factor of 59166 and 24984487?
3287
What is the greatest common divisor of 108506 and 390?
2
Calculate the highest common factor of 3120 and 34044.
12
Calculate the highest common divisor of 639 and 8276967.
639
Calculate the highest common divisor of 193688 and 517297.
341
Calculate the highest common factor of 16 and 1657918.
2
Calculate the highest common factor of 334137 and 57882.
2631
Calculate the greatest common factor of 7170681 and 9.
3
Calculate the greatest common divisor of 792729 and 43911.
63
What is the greatest common factor of 24 and 411371832?
24
What is the highest common divisor of 22285133 and 1027?
13
What is the highest common factor of 7490 and 12936300?
1070
Calculate the greatest common factor of 1251601920 and 15360.
7680
What is the highest common divisor of 1205546149 and 8846?
4423
Calculate the highest common divisor of 288 and 2272554.
18
What is the highest common factor of 140 and 78328?
4
Calculate the greatest common factor of 5782 and 304334744.
826
What is the highest common factor of 49009732 and 1991?
181
What is the greatest common divisor of 119255 and 9095?
85
Calculate the greatest common divisor of 30325 and 853850.
25
Calculate the highest common factor of 373017 and 30.
3
Calculate the greatest common divisor of 2234817 and 549.
9
What is the greatest common factor of 3978 and 65478?
6
What is the highest common divisor of 759861 and 795?
159
Calculate the highest common divisor of 675 and 64038465.
135
Calculate the highest common factor of 1208718 and 24062.
106
What is the greatest common divisor of 15306720 and 6838?
26
Calculate the highest common divisor of 1224342486 and 1242.
1242
Calculate the greatest common divisor of 14921 and 4995412.
347
What is the greatest common divisor of 6875 and 430498750?
6875
Calculate the greatest common divisor of 50 and 7425330.
10
Calculate the highest common divisor of 8070995 and 185.
185
Calculate the greatest common divisor of 4191 and 1503.
3
What is the highest common factor of 30990 and 301470?
30
Calculate the greatest common divisor of 1718761 and 352.
11
What is the greatest common divisor of 30277 and 10394735?
221
Calculate the highest common divisor of 777344 and 640.
128
What is the greatest common factor of 48 and 42486640?
16
What is the greatest common factor of 27856818 and 77?
11
What is the highest common factor of 515 and 166435?
5
What is the highest common divisor of 2983712 and 10720?
32
What is the greatest common factor of 99584 and 158128?
16
Calculate the highest common factor of 71766 and 177714.
162
What is the greatest common factor of 262 and 38076198?
262
What is the highest common divisor of 217913 and 793031?
359
Calculate the greatest common factor of 1473 and 127761637.
491
Calculate the highest common factor of 1701 and 266436.
27
Calculate the greatest common divisor of 760 and 3611716.
4
What is the greatest common divisor of 3705242235 and 15?
15
Calculate the highest common factor of 91 and 8572837.
91
Calculate the greatest common divisor of 39045540 and 60.
60
What is the highest common factor of 18200 and 13182400?
1400
Calculate the highest common factor of 2400700 and 5140.
20
Calculate the highest common divisor of 4240 and 131107160.
2120
Calculate the greatest common divisor of 464066644 and 1796.
1796
What is the highest common divisor of 40581 and 2187?
243
What is the greatest common factor of 116632 and 5996032?
1912
What is the highest common divisor of 55208 and 794352?
536
What is the greatest common divisor of 17935 and 5831255?
85
What is the greatest common divisor of 8643 and 8749597?
2881
What is the highest common divisor of 205934599 and 677?
677
Calculate the highest common divisor of 25799690 and 136010.
4690
What is the highest common divisor of 3266 and 72535730?
142
What is the highest common divisor of 5170234 and 2697218?
6794
Calculate the greatest common divisor of 122025 and 720.
15
What is the greatest common divisor of 108 and 56181348?
36
Calculate the highest common divisor of 120 and 401970.
30
What is the highest common divisor of 4359706710 and 615?
615
What is the greatest common divisor of 29788 and 352462?
22
What is the greatest common divisor of 6109260 and 3496?
1748
Calculate the highest common divisor of 669968652 and 190.
38
What is the highest common factor of 21953 and 127933?
757
What is the highest common factor of 76302 and 1021756?
314
Calculate the highest common factor of 70 and 418970.
10
What is the highest common factor of 49125 and 15800?
25
What is the greatest common divisor of 42180 and 581640?
2220
What is the greatest common factor of 930510 and 11025?
2205
Calculate the highest common divisor of 7266820 and 430.
10
Calculate the greatest common factor of 352707 and 1.
1
What is the grea